 q. Suppose -5*r + 25 = 0, -3*p = -l*p + 2*r + 368. What is the tens digit of p?
2
Let i(j) = 0*j**2 - 21 + 24 + 4*j + j**2. Let k be i(-6). Suppose -2*t - 4*w + 168 = 0, 2*w = -3*w - k. What is the units digit of t?
0
Let d(l) = -8*l + 2. Let x be 8/(-20) + (-54)/15. Let s be x/18 + 825/(-297). What is the units digit of d(s)?
6
Suppose 14930 = 8*u - 6*u + 3*j, 0 = 4*u - 5*j - 29794. What is the hundreds digit of u?
4
Let i(g) = 1. Let k(r) = -20*r - 60. Suppose 4*d = 10 - 6. Let m(p) = d*k(p) + 60*i(p). What is the units digit of m(-12)?
0
Suppose -71105 = -23*l + 65620 - 12870. What is the units digit of l?
5
Let z(q) = -q**3 + 66*q**2 + 52*q + 417. What is the thousands digit of z(61)?
2
Let g be -3 + (-18)/(-3) - 6/1. Let k be 1/(-2)*-1*(g - -3). What is the hundreds digit of 1*((-356)/(-2) - k)?
1
Let k(l) = 10*l**2 - 184*l + 2037. What is the thousands digit of k(11)?
1
Let b(h) = 5*h - 3. Let g be b(2). Let u(d) = 51*d - 14*d - 7*d - 7 - 10*d - 11*d. What is the tens digit of u(g)?
5
Let d = 20395 - 12075. What is the thousands digit of d?
8
Let x(f) = 7*f - 7*f + 11*f - 2*f - 3. Let c(z) = -z - 6. Let v be c(-8). What is the units digit of x(v)?
5
Let g(s) = s**2 - 19*s + 44. Let i be g(16). What is the units digit of (20/i)/(-5)*54?
4
Let f(o) = 3*o - 9. Let z be f(4). Suppose 3*h = 3*v - 48, -z*v - h = h - 58. What is the units digit of 862/12 + v/108?
2
Let a(d) = d**3 - 10*d**2 + 8*d + 11. Suppose 2*b = 3*b - 9. Let z be a(b). Suppose 119 = s + z*g, 0 = -2*g - g + 12. What is the tens digit of s?
1
Suppose 1154 = 4*n - 3*n + 5*f, -2*f + 2276 = 2*n. Suppose -4074 + n = -6*c. What is the hundreds digit of c?
4
Suppose 0 = -v - 3*y + 4456 + 141, 3*y - 13821 = -3*v. What is the hundreds digit of v?
6
Let r(x) = 124*x**2 - 112*x + 7. What is the hundreds digit of r(-3)?
4
Suppose 7*i = -i - 56. Let q(r) = r**3 + 7*r**2 - 9*r - 3. Let s be q(i). What is the units digit of (-1214)/(-10) - 8/s*3?
1
Suppose 16*n - 888 = 14*n + 4*c, -2*n + 3*c = -889. Let l = -162 + n. What is the tens digit of l?
8
Suppose 3*g = -g + 16, 4*g = 3*n - 449. Let z = n - 94. What is the units digit of z?
1
Let k = -83 - -86. What is the hundreds digit of (274 - 3) + (-3 - (-15)/k)?
2
Let u be 32/(-144) - 23962/(-18). Let w = 2160 - u. What is the units digit of w?
9
Let r(x) = 144*x + 2666. What is the hundreds digit of r(-10)?
2
Suppose -238 + 12 = -o. Let l = o + -117. Let c = 382 - l. What is the units digit of c?
3
Suppose 28 - 116 = -4*m. Suppose 24*t + 216 = m*t. What is the units digit of (t/(-5))/(3/(31 + -1))?
6
Let b = 3229 - 2228. Let r = b + -678. What is the units digit of r?
3
Let y = -18013 - -21100. What is the hundreds digit of y?
0
Let i = 11236 - 1918. What is the thousands digit of i?
9
What is the hundreds digit of (-2*2/(-6))/(9*(-29)/(-667899))?
7
Suppose -4*w - 10 = 3*x, 4*x - 8*w = -5*w - 5. Let z(j) = -165*j + 5. What is the tens digit of z(x)?
3
Suppose 12*m - 5 = 7*m. Suppose b + 4*b + 25 = -5*v, -v + m = 0. What is the tens digit of b + 1 + (130 - -2)?
2
Let x(c) = -c**3 - 4*c**2 + 17*c - 10. Suppose -4*h - 13 = 15. What is the units digit of x(h)?
8
Let v(g) = 242*g - 8323. What is the tens digit of v(82)?
2
Suppose -16677 = -78*c + 27*c. Let j = 415 - c. What is the units digit of j?
8
Suppose 115 = 24*b - 173. Let u(n) = 12*n - 10. Let l be u(7). Let q = l - b. What is the tens digit of q?
6
Let y(m) be the third derivative of m**5/60 - m**4/3 - 11*m**3/6 - 97*m**2. What is the tens digit of y(19)?
9
Let n = -104 + 120. Let b(m) = 2*m**2 - 7*m + 8. Let w be b(4). Suppose -n*p + 68 = -w*p. What is the tens digit of p?
1
Let w = 112 + -102. Let j(z) = 18*z**2 - 7*z**2 - w*z + 11 + z**3 - 53 + 23. What is the units digit of j(-11)?
1
Let s(w) = -2*w**3 + 3*w**2 + 111*w + 1597. What is the tens digit of s(-18)?
3
Suppose -4*d + 86050 = 2*m, 2*m = 2*d - 37893 - 5111. What is the hundreds digit of d?
5
Let u be (-2934)/(-45) - 12/10. Suppose 4*k + 567 = q, -q - k = -518 - u. What is the tens digit of q?
7
Suppose -y + k + 9127 = 0, 3*y + k + 2561 - 29946 = 0. What is the thousands digit of y?
9
Let u(k) = k**2 + 16*k. Let s be u(-16). Suppose s = -5*y + 15 + 5. Suppose 0 = g + 4*m - 209, 752 = y*g - m - 4*m. What is the tens digit of g?
9
Suppose 222605 = 289*a - 78*a. What is the units digit of a?
5
Let s be (-495)/(-20) + 6/(-8). Let i be 89 + (-6)/2 + 6. Suppose i - s = 2*n. What is the units digit of n?
4
Let o = -4723 + 5167. What is the tens digit of o?
4
Let b(k) = 23*k**3 - 63*k**2 - 12*k + 9. What is the thousands digit of b(11)?
2
Let n be (-6)/(-10) + (-28)/(-20). Suppose n*a + a = 3*b - 585, -2*a - 10 = 0. Let x = b - 111. What is the units digit of x?
9
What is the tens digit of 3516128/(-560)*(-5 - 0)?
9
Let x = -1037 + 3893. What is the tens digit of x?
5
Suppose 3716 = 5*b + 3*m, 10*b = 14*b + m - 2977. What is the hundreds digit of b?
7
Suppose 9758*b - 19186 = 9757*b. What is the units digit of b?
6
Suppose -n + 2340 = 2*n. Let v = n - 145. What is the hundreds digit of v?
6
Let j(p) = -p + 4*p - 71 + 2*p**2 - 2*p + 75. What is the units digit of j(0)?
4
Suppose 3*a - 32 = -x, 37 = x + 5*a - 3*a. Suppose -h + 2*h - x = 0. Let y = 127 - h. What is the tens digit of y?
8
Suppose -4*d = -2*v + 12, -v - 4*v + 6 = -2*d. Suppose k - 2*m - 531 = v, -k + 2644 = 4*k + m. Suppose 71 = 4*y - k. What is the tens digit of y?
5
Let i = -34359 - -64328. What is the thousands digit of i?
9
What is the thousands digit of (9364/(-5))/(4/(-3) + (-30)/(-25))?
4
Let x = 456 - 454. Suppose 2*d = 2*m + 1082, 0 = -d + 2*d + x*m - 550. What is the tens digit of d?
4
Suppose 3*b + 116 = 401. Suppose -2*f + 3*f = 5*o + b, -4*f - 3*o = -380. What is the tens digit of f?
9
Suppose 60283 = 5*i - r, -2*i + 17073 = 4*r - 7049. What is the hundreds digit of i?
0
Let a = -16 + 9. What is the tens digit of ((-20)/a)/(5*12/210)?
1
Suppose -5*a - k = -a - 220, 4*k - 70 = -a. Suppose -2*z + q + 152 = -0*q, -z + a = 5*q. Let x = z - 9. What is the units digit of x?
5
Suppose -2*l + 1565 + 6649 = 0. What is the hundreds digit of l?
1
Suppose 0 = 3*k - 6, -44*p - 2*k = -49*p - 1479. Let u = p - -409. What is the tens digit of u?
1
Let h(x) = 6703*x - 1195. What is the hundreds digit of h(7)?
7
Let b be -2 + 4 + (-3 - 0). What is the units digit of (b - 2056/(-10)) + (-2)/(-5)?
5
Let b = 112679 + -65913. What is the hundreds digit of b?
7
Suppose 0 = -4*m + w - 46 + 59, 18 = -m - 4*w. Suppose 3*q - 1275 = -m*l, -5*l - 62*q = -59*q - 3165. What is the tens digit of l?
3
Let w = 7858 - 4698. What is the thousands digit of w?
3
Let j = 1365 + -3351. What is the units digit of 2/(-6 - j/330)?
0
Let h(n) be the first derivative of 32*n**3/3 - 17*n**2 + 10*n + 14. What is the units digit of h(5)?
0
Suppose 1818788 = 62*d - 180195 + 252257. What is the thousands digit of d?
8
Suppose -183404 - 194946 = -35*p. What is the thousands digit of p?
0
Let n(u) = 347*u**2 - 6*u + 43 + 66*u**2 - 42 + 276*u**2. What is the units digit of n(1)?
4
Let f = -2 + -3. Let x(g) be the third derivative of -g**6/120 - g**5/20 + 5*g**4/24 - g**3/6 + 1799*g**2. What is the units digit of x(f)?
4
Let u(q) = -3*q**3 + q**2 + 3*q + 6. Suppose 12*j = 15*j + 6. Let x be u(j). Let b = x + 79. What is the units digit of b?
7
Let y be 18/(-108) + (-615)/(-18). Suppose 0 = 4*s + 4*l - 3100, 0 = y*s - 33*s + 5*l - 795. What is the units digit of s?
0
Suppose -t - 15 = -3*n, 2*t - 19 + 46 = 5*n. Let o(l) be the first derivative of l**3 + 7*l**2/2 - 4*l + 2. What is the tens digit of o(t)?
6
Suppose 52 = 8*u + 12. Suppose 1298 = u*k - 4*i, 0*k - 2*k + 508 = 4*i. What is the hundreds digit of k?
2
Suppose 31*l = 6*l + 325. Suppose -l*p + 22*p - 729 = 0. What is the tens digit of p?
8
Suppose -2*z + 3*z - v = 0, -3*v = 4*z + 14. What is the tens digit of ((-38)/57)/(z/2127)?
0
Let u be (-8)/(-20) + 3612/(-30). Let m = -46 - u. What is the tens digit of m?
7
Let u = -3038 - -6057. What is the tens digit of u?
1
Suppose 91*a - 91 = -182. Suppose 3*m + 356 = -m + 5*s, 4*s = -2*m - 152. What is the units digit of a/(4 - 169*(-2)/m)?
2
What is the ten thousands digit of ((-79327)/6 + -3)/(37/(-222))?
7
Let b(y) = 3*y - 16. Let c = 0 + 9. Let f be b(c). What is the tens digit of 1 + f + (-3 - -1)?
1
W